n factor of 13938366 and 26.
26
Calculate the greatest common divisor of 2040 and 47400.
120
Calculate the highest common factor of 977684 and 460.
92
Calculate the greatest common factor of 344 and 332132.
172
Calculate the highest common factor of 1239683 and 293.
293
Calculate the greatest common divisor of 2425 and 3298.
97
Calculate the greatest common divisor of 5 and 426095.
5
What is the greatest common divisor of 59146 and 2?
2
Calculate the highest common divisor of 149390 and 10.
10
Calculate the highest common divisor of 42315 and 78.
39
Calculate the highest common factor of 11935 and 175.
35
What is the greatest common divisor of 40530 and 1566195?
2895
Calculate the highest common divisor of 512 and 56608.
32
Calculate the highest common divisor of 18 and 18126.
18
What is the greatest common factor of 396 and 146322?
198
What is the greatest common divisor of 1886040 and 806?
806
Calculate the highest common divisor of 865478 and 16718.
1286
Calculate the highest common factor of 30996 and 8862.
42
What is the greatest common divisor of 53 and 454?
1
What is the greatest common factor of 2835 and 12960?
405
What is the greatest common divisor of 323 and 1688321?
323
Calculate the greatest common divisor of 79753 and 173.
173
What is the highest common factor of 165614 and 170?
34
Calculate the highest common factor of 43360 and 50.
10
Calculate the greatest common divisor of 2961424 and 16.
16
Calculate the highest common divisor of 8 and 10637984.
8
Calculate the greatest common factor of 3542 and 6776.
154
What is the highest common divisor of 105651 and 728?
91
What is the highest common divisor of 2695 and 6325?
55
What is the highest common divisor of 151563 and 57?
57
What is the greatest common divisor of 14382 and 18462?
102
What is the highest common factor of 18029 and 1573?
121
Calculate the highest common divisor of 16 and 607580.
4
Calculate the highest common factor of 18283 and 141.
47
Calculate the greatest common factor of 687 and 1571627.
229
Calculate the highest common divisor of 7298 and 1691.
89
Calculate the greatest common divisor of 26773 and 1025.
41
Calculate the highest common factor of 3655 and 43129.
731
Calculate the highest common factor of 30 and 3165.
15
Calculate the highest common divisor of 346 and 1355282.
346
Calculate the highest common divisor of 35370 and 2160.
270
Calculate the highest common factor of 1715 and 505.
5
What is the greatest common divisor of 10 and 5805660?
10
What is the greatest common factor of 12 and 8321652?
12
What is the greatest common factor of 2158 and 391262?
166
Calculate the highest common divisor of 237 and 116367.
237
What is the greatest common factor of 407 and 148?
37
What is the greatest common divisor of 395033 and 31?
31
What is the greatest common divisor of 37297 and 3173?
19
What is the highest common divisor of 398 and 10755552?
398
What is the highest common divisor of 376 and 263764?
188
Calculate the greatest common divisor of 2751648 and 96.
96
Calculate the highest common divisor of 26052 and 1308.
12
Calculate the highest common factor of 7503374 and 1318.
1318
What is the greatest common divisor of 2268 and 732?
12
Calculate the greatest common divisor of 651566 and 2.
2
Calculate the greatest common factor of 2064 and 528.
48
Calculate the highest common factor of 2083860 and 1224.
612
Calculate the greatest common factor of 269114 and 15201.
563
What is the greatest common divisor of 10027 and 7?
1
What is the greatest common factor of 6015 and 60551?
401
Calculate the highest common factor of 2912 and 80304.
112
Calculate the greatest common factor of 301 and 114724.
43
What is the greatest common factor of 4437 and 4675?
17
Calculate the highest common factor of 38 and 911354.
38
Calculate the greatest common divisor of 62822 and 9641.
311
What is the highest common divisor of 5700 and 405?
15
Calculate the highest common divisor of 34950 and 125.
25
What is the highest common factor of 99503 and 1501?
19
What is the greatest common factor of 22951 and 179329?
389
What is the highest common factor of 10455 and 11985?
255
What is the greatest common divisor of 21094 and 212?
106
Calculate the greatest common divisor of 3951691 and 293.
293
What is the highest common factor of 1628 and 1341472?
1628
Calculate the greatest common divisor of 791535 and 105.
15
What is the greatest common factor of 288 and 77472?
288
Calculate the highest common divisor of 159650 and 620.
310
What is the greatest common divisor of 3062859 and 381?
381
What is the highest common factor of 170660 and 420?
140
What is the highest common divisor of 88 and 182853?
11
What is the highest common divisor of 12275 and 200?
25
What is the greatest common factor of 20 and 9793180?
20
Calculate the greatest common factor of 6810 and 1290.
30
Calculate the greatest common factor of 6549 and 4189.
59
What is the greatest common factor of 7970 and 1?
1
Calculate the greatest common factor of 22 and 103906.
22
What is the highest common divisor of 72002 and 20850?
278
What is the greatest common factor of 240 and 40920?
120
What is the highest common divisor of 328 and 4223?
41
What is the highest common divisor of 236155 and 1095?
365
What is the greatest common divisor of 8816 and 45296?
304
Calculate the highest common divisor of 18745 and 14030.
115
What is the highest common divisor of 1578802 and 488?
122
What is the greatest common divisor of 155895 and 2565?
285
What is the greatest common divisor of 1455817 and 22?
11
What is the highest common factor of 149175 and 195?
195
What is the highest common factor of 4 and 32894?
2
Calculate the highest common divisor of 142299 and 21825.
873
What is the highest common divisor of 480142 and 702?
26
What is the greatest common factor of 118835 and 5?
5
What is the highest common divisor of 9675900 and 150?
150
What is the highest common factor of 38136 and 21336?
168
Calculate the highest common factor of 69695 and 15.
5
What is the greatest common divisor of 264 and 20504?
88
Calculate the highest common divisor of 1144003 and 21.
7
What is the highest common factor of 6507 and 6671844?
2169
What is the greatest common divisor of 3857 and 233016?
133
What is the highest common factor of 2366 and 5616?
26
What is the greatest common divisor of 292030 and 1330?
190
What is the greatest common factor of 671617 and 559?
43
What is the highest common factor of 749 and 78859?
107
Calculate the greatest common divisor of 13515 and 370470.
795
Calculate the highest common factor of 3784 and 264484.
44
What is the highest common factor of 2048443 and 1251?
139
Calculate the highest common divisor of 16 and 8613648.
16
What is the highest common divisor of 3910 and 440?
10
Calculate the greatest common divisor of 157937 and 104.
13
Calculate the highest common divisor of 95344 and 1003.
59
What is the highest common divisor of 924 and 2052?
12
What is the greatest common divisor of 8010 and 25605?
45
Calculate the greatest common divisor of 11899 and 511.
73
Calculate the highest common divisor of 1395 and 23040.
45
What is the highest common factor of 57799 and 14?
7
Calculate the highest common factor of 1488 and 2838.
6
What is the greatest common divisor of 2 and 1635514?
2
Calculate the highest common divisor of 24375 and 14300.
325
Calculate the greatest common divisor of 50592 and 714.
102
What is the highest common divisor of 1715 and 126?
7
Calculate the highest common divisor of 4546 and 10.
2
Calculate the greatest common divisor of 1520 and 2420.
20
Calculate the greatest common divisor of 56939 and 1552.
97
Calculate the highest common factor of 17171 and 52591.
77
What is the greatest common divisor of 1561216 and 128?
128
Calculate the highest common divisor of 41071 and 4556.
67
Calculate the greatest common divisor of 18718 and 303499.
1337
Calculate the highest common factor of 4836 and 208.
52
What is the greatest common divisor of 823068 and 594?
54
What is the highest common factor of 71286 and 872?
218
What is the greatest common divisor of 3157615 and 1845?
205
Calculate the highest common factor of 885 and 909.
3
What is the greatest common divisor of 499471 and 7?
7
What is the greatest common divisor